{"id":2308,"date":"2024-10-21T20:22:41","date_gmt":"2024-10-21T20:22:41","guid":{"rendered":"https:\/\/new.gal-ceahlau.ro\/?page_id=2308"},"modified":"2025-10-15T07:57:03","modified_gmt":"2025-10-15T07:57:03","slug":"vizite-de-bune-practici","status":"publish","type":"page","link":"https:\/\/new.gal-ceahlau.ro\/index.php\/vizite-de-bune-practici\/","title":{"rendered":"Vizite de bune practici"},"content":{"rendered":"<h2>Vizite de bune practici<\/h2>\n<p>\t\t\u00a0<strong>Vizit\u0103 de bune practici anul I de implementare<\/strong>\u00a0<strong>\u00cen anul 2025, GAL Ceahl\u0103u va organiza \u00een perioada 20 &#8211; 22 iunie 2025 prima vizit\u0103 de bune practici \u00een cadrul DR36F\u00a0\u00a0&#8211; <em>Sprijin pentru gestionarea, monitorizarea \u0219i evaluarea strategiei de dezvoltare locala, precum \u0219i animarea acesteia, inclusiv facilitarea schimburilor \u00eentre p\u0103r\u021bile interesate<\/em><em style=\"color: #000000; font-size: 15px;\"> .<\/em><\/strong><\/p>\n<p dir=\"auto\"><strong>Vizita va avea ca scop consolidarea capacit\u0103\u021bii actorilor locali din teritoriul GAL Ceahl\u0103u de a dezvolta \u0219i implementa opera\u021biuni \u00een acord cu tematica stabilit\u0103, respectiv identificarea \u0219i aplicarea celor mai eficiente metode de planificare, execu\u021bie \u0219i monitorizare a proiectelor destinate autorit\u0103\u021bilor publice locale.<\/strong><\/p>\n<p dir=\"auto\">Documente specifice activit\u0103\u021bii:<\/p>\n<ul>\n<li dir=\"auto\"><a href=\"https:\/\/new.gal-ceahlau.ro\/wp-content\/uploads\/2025\/06\/GHID-DE-BUNE-PRACTICI.pdf\">Ghid de bune practici<\/a><\/li>\n<li dir=\"auto\"><a style=\"color: #339966;\" href=\"https:\/\/new.gal-ceahlau.ro\/wp-content\/uploads\/2025\/06\/Plan-de-bune-practici-avizat.pdf\">Plan de bune practici &#8211; <em>Vizit\u0103 de bune practici anul I de implementare<\/em><\/a><\/li>\n<\/ul>\n","protected":false},"excerpt":{"rendered":"<p>Vizite de bune practici \u00a0Vizit\u0103 de bune practici anul I de implementare\u00a0\u00cen anul 2025, GAL Ceahl\u0103u va organiza \u00een perioada 20 &#8211; 22 iunie 2025 prima vizit\u0103 de bune practici [&hellip;]<\/p>\n","protected":false},"author":1,"featured_media":0,"parent":0,"menu_order":0,"comment_status":"closed","ping_status":"closed","template":"elementor_header_footer","meta":{"footnotes":""},"class_list":["post-2308","page","type-page","status-publish","hentry"],"_links":{"self":[{"href":"https:\/\/new.gal-ceahlau.ro\/index.php\/wp-json\/wp\/v2\/pages\/2308","targetHints":{"allow":["GET"]}}],"collection":[{"href":"https:\/\/new.gal-ceahlau.ro\/index.php\/wp-json\/wp\/v2\/pages"}],"about":[{"href":"https:\/\/new.gal-ceahlau.ro\/index.php\/wp-json\/wp\/v2\/types\/page"}],"author":[{"embeddable":true,"href":"https:\/\/new.gal-ceahlau.ro\/index.php\/wp-json\/wp\/v2\/users\/1"}],"replies":[{"embeddable":true,"href":"https:\/\/new.gal-ceahlau.ro\/index.php\/wp-json\/wp\/v2\/comments?post=2308"}],"version-history":[{"count":13,"href":"https:\/\/new.gal-ceahlau.ro\/index.php\/wp-json\/wp\/v2\/pages\/2308\/revisions"}],"predecessor-version":[{"id":2807,"href":"https:\/\/new.gal-ceahlau.ro\/index.php\/wp-json\/wp\/v2\/pages\/2308\/revisions\/2807"}],"wp:attachment":[{"href":"https:\/\/new.gal-ceahlau.ro\/index.php\/wp-json\/wp\/v2\/media?parent=2308"}],"curies":[{"name":"wp","href":"https:\/\/api.w.org\/{rel}","templated":true}]}}