{"id":2078,"date":"2024-10-20T12:45:10","date_gmt":"2024-10-20T12:45:10","guid":{"rendered":"https:\/\/new.gal-ceahlau.ro\/?page_id=2078"},"modified":"2024-10-20T15:46:24","modified_gmt":"2024-10-20T15:46:24","slug":"membri-gal-ceahlau","status":"publish","type":"page","link":"https:\/\/new.gal-ceahlau.ro\/index.php\/membri-gal-ceahlau\/","title":{"rendered":"Membri GAL Ceahl\u0103u"},"content":{"rendered":"\t\t<div data-elementor-type=\"wp-page\" data-elementor-id=\"2078\" class=\"elementor elementor-2078\">\n\t\t\t\t<div class=\"elementor-element elementor-element-5906914 e-flex e-con-boxed e-con e-parent\" data-id=\"5906914\" data-element_type=\"container\" data-settings=\"{&quot;background_background&quot;:&quot;classic&quot;}\">\n\t\t\t\t\t<div class=\"e-con-inner\">\n\t\t\t\t<div class=\"elementor-element elementor-element-b6dc123 elementor-widget elementor-widget-heading\" data-id=\"b6dc123\" data-element_type=\"widget\" data-widget_type=\"heading.default\">\n\t\t\t\t<div class=\"elementor-widget-container\">\n\t\t\t\t\t<h2 class=\"elementor-heading-title elementor-size-default\">Membri GAL Ceahl\u0103u<\/h2>\t\t\t\t<\/div>\n\t\t\t\t<\/div>\n\t\t\t\t\t<\/div>\n\t\t\t\t<\/div>\n\t\t<div class=\"elementor-element elementor-element-be024c5 e-flex e-con-boxed e-con e-parent\" data-id=\"be024c5\" data-element_type=\"container\">\n\t\t\t\t\t<div class=\"e-con-inner\">\n\t\t<div class=\"elementor-element elementor-element-211174b e-con-full e-flex e-con e-child\" data-id=\"211174b\" data-element_type=\"container\">\n\t\t\t\t<div class=\"elementor-element elementor-element-fb32ce1 elementor-position-left elementor-position-top elementor-vertical-align-top elementor-widget elementor-widget-image-box\" data-id=\"fb32ce1\" data-element_type=\"widget\" data-widget_type=\"image-box.default\">\n\t\t\t\t<div class=\"elementor-widget-container\">\n\t\t\t\t\t<div class=\"elementor-image-box-wrapper\"><figure class=\"elementor-image-box-img\"><a href=\"#\" tabindex=\"-1\"><img decoding=\"async\" width=\"183\" height=\"118\" src=\"https:\/\/new.gal-ceahlau.ro\/wp-content\/uploads\/2024\/10\/default.jpg\" class=\"attachment-large size-large wp-image-2081\" alt=\"\" \/><\/a><\/figure><div class=\"elementor-image-box-content\"><h3 class=\"elementor-image-box-title\"><a href=\"#\">Comitet de Selec\u0163ie Proiecte<\/a><\/h3><p class=\"elementor-image-box-description\">Comitetul de Selec\u021bie Proiecte reprezint\u0103 parteneriatul decizional, \u00een cadrul m\u0103surii de implementare a strategiei GAL Ceahl\u0103u cu responsabilit\u0103\u021bi privind selectarea pentru finan\u021bare a proiectelor depuse la GAL Ceahl\u0103u, \u00een conformitate cu procedura de selec\u021bie a GAL Ceahl\u0103u. Comisia de Solu\u021bionare a Contesta\u021biilor reprezint\u0103 organismul tehnic cu responsabilit\u0103\u021bi privind solu\u021bionarea...<\/p><\/div><\/div>\t\t\t\t<\/div>\n\t\t\t\t<\/div>\n\t\t\t\t<div class=\"elementor-element elementor-element-450fe05 elementor-position-left elementor-position-top elementor-vertical-align-top elementor-widget elementor-widget-image-box\" data-id=\"450fe05\" data-element_type=\"widget\" data-widget_type=\"image-box.default\">\n\t\t\t\t<div class=\"elementor-widget-container\">\n\t\t\t\t\t<div class=\"elementor-image-box-wrapper\"><figure class=\"elementor-image-box-img\"><a href=\"#\" tabindex=\"-1\"><img decoding=\"async\" width=\"183\" height=\"118\" src=\"https:\/\/new.gal-ceahlau.ro\/wp-content\/uploads\/2024\/10\/default.jpg\" class=\"attachment-full size-full wp-image-2081\" alt=\"\" \/><\/a><\/figure><div class=\"elementor-image-box-content\"><h3 class=\"elementor-image-box-title\"><a href=\"#\">Consiliul Director<\/a><\/h3><p class=\"elementor-image-box-description\">Consiliul Director este organul de conducere care asigur\u0103 punerea \u00een executare a hot\u0103r\u00e2rilor Adun\u0103rii Generale. Consiliul Director reprezint\u0103 structura restr\u00e2ns\u0103 de decizie a asocia\u0163iei, format dintr-un num\u0103r de 7 membri: pre\u015fedinte, vicepre\u015fedinte, secretar \u015fi membrii ale\u015fi, \u00een care ponderea membrilor care provin din sectorul privat este de peste 50%.  Consiliul...<\/p><\/div><\/div>\t\t\t\t<\/div>\n\t\t\t\t<\/div>\n\t\t\t\t<div class=\"elementor-element elementor-element-4a6e5dc elementor-position-left elementor-position-top elementor-vertical-align-top elementor-widget elementor-widget-image-box\" data-id=\"4a6e5dc\" data-element_type=\"widget\" data-widget_type=\"image-box.default\">\n\t\t\t\t<div class=\"elementor-widget-container\">\n\t\t\t\t\t<div class=\"elementor-image-box-wrapper\"><figure class=\"elementor-image-box-img\"><a href=\"#\" tabindex=\"-1\"><img decoding=\"async\" width=\"183\" height=\"118\" src=\"https:\/\/new.gal-ceahlau.ro\/wp-content\/uploads\/2024\/10\/default.jpg\" class=\"attachment-full size-full wp-image-2081\" alt=\"\" \/><\/a><\/figure><div class=\"elementor-image-box-content\"><h3 class=\"elementor-image-box-title\"><a href=\"#\">Adunarea Generala<\/a><\/h3><p class=\"elementor-image-box-description\">Adunarea General\u0103 este organul deliberativ de conducere, alc\u0103tuit din totalitatea membrilor GAL Ceahl\u0103u. Aceasta se \u00eentrune\u0219te anual  \u00een sesiune ordinar\u0103 \u0219i ori de c\u00e2te ori este necesar \u00een sesiune extraordinar\u0103. Adunarea General\u0103 are drept de control permanent asupra Consiliului Director, asupra cenzorului, asupra Comitetului de selec\u021bie a proiectelor \u0219i asupra..<\/p><\/div><\/div>\t\t\t\t<\/div>\n\t\t\t\t<\/div>\n\t\t\t\t<\/div>\n\t\t\t\t\t<\/div>\n\t\t\t\t<\/div>\n\t\t\t\t<\/div>\n\t\t","protected":false},"excerpt":{"rendered":"<p>Membri GAL Ceahl\u0103u Comitet de Selec\u0163ie Proiecte Comitetul de Selec\u021bie Proiecte reprezint\u0103 parteneriatul decizional, \u00een cadrul m\u0103surii de implementare a strategiei GAL Ceahl\u0103u cu responsabilit\u0103\u021bi privind selectarea pentru finan\u021bare a [&hellip;]<\/p>\n","protected":false},"author":1,"featured_media":0,"parent":0,"menu_order":0,"comment_status":"closed","ping_status":"closed","template":"elementor_header_footer","meta":{"footnotes":""},"class_list":["post-2078","page","type-page","status-publish","hentry"],"_links":{"self":[{"href":"https:\/\/new.gal-ceahlau.ro\/index.php\/wp-json\/wp\/v2\/pages\/2078","targetHints":{"allow":["GET"]}}],"collection":[{"href":"https:\/\/new.gal-ceahlau.ro\/index.php\/wp-json\/wp\/v2\/pages"}],"about":[{"href":"https:\/\/new.gal-ceahlau.ro\/index.php\/wp-json\/wp\/v2\/types\/page"}],"author":[{"embeddable":true,"href":"https:\/\/new.gal-ceahlau.ro\/index.php\/wp-json\/wp\/v2\/users\/1"}],"replies":[{"embeddable":true,"href":"https:\/\/new.gal-ceahlau.ro\/index.php\/wp-json\/wp\/v2\/comments?post=2078"}],"version-history":[{"count":7,"href":"https:\/\/new.gal-ceahlau.ro\/index.php\/wp-json\/wp\/v2\/pages\/2078\/revisions"}],"predecessor-version":[{"id":2090,"href":"https:\/\/new.gal-ceahlau.ro\/index.php\/wp-json\/wp\/v2\/pages\/2078\/revisions\/2090"}],"wp:attachment":[{"href":"https:\/\/new.gal-ceahlau.ro\/index.php\/wp-json\/wp\/v2\/media?parent=2078"}],"curies":[{"name":"wp","href":"https:\/\/api.w.org\/{rel}","templated":true}]}}